, 3, 6569
List the prime factors of 3308321.
3308321
What are the prime factors of 3185018?
2, 17, 113, 829
What are the prime factors of 423233?
423233
List the prime factors of 330034.
2, 47, 3511
What are the prime factors of 4355045?
5, 193, 4513
What are the prime factors of 654881?
457, 1433
What are the prime factors of 394914?
2, 3, 13, 61, 83
List the prime factors of 97560.
2, 3, 5, 271
What are the prime factors of 196433?
37, 5309
What are the prime factors of 3478992?
2, 3, 11, 599
What are the prime factors of 6062103?
3, 673567
What are the prime factors of 222183?
3, 13, 211
What are the prime factors of 7172448?
2, 3, 74713
List the prime factors of 38868908.
2, 13, 19, 39341
List the prime factors of 2536066.
2, 13, 103, 947
List the prime factors of 11257782.
2, 3, 617, 3041
List the prime factors of 10365026.
2, 7, 740359
List the prime factors of 63657.
3, 11, 643
List the prime factors of 266198.
2, 167, 797
List the prime factors of 284575.
5, 11383
List the prime factors of 1189196.
2, 211, 1409
What are the prime factors of 6805124?
2, 467, 3643
What are the prime factors of 704158?
2, 7, 13, 53, 73
List the prime factors of 4448800.
2, 5, 67, 83
List the prime factors of 305214.
2, 3, 7, 13, 43
List the prime factors of 26839677.
3, 53, 168803
List the prime factors of 1303175.
5, 52127
List the prime factors of 252533.
252533
What are the prime factors of 24292?
2, 6073
List the prime factors of 18180.
2, 3, 5, 101
List the prime factors of 3188630.
2, 5, 318863
What are the prime factors of 327879?
3, 17, 2143
What are the prime factors of 474480?
2, 3, 5, 659
List the prime factors of 501949.
7, 71707
What are the prime factors of 6229950?
2, 3, 5, 41, 1013
What are the prime factors of 249064?
2, 163, 191
What are the prime factors of 292876?
2, 17, 59, 73
List the prime factors of 31431316.
2, 7, 337, 3331
List the prime factors of 28115520.
2, 3, 5, 29287
What are the prime factors of 31212?
2, 3, 17
List the prime factors of 319911.
3, 106637
What are the prime factors of 408638?
2, 204319
List the prime factors of 197550.
2, 3, 5, 439
List the prime factors of 258131.
258131
What are the prime factors of 504554?
2, 252277
List the prime factors of 489251.
7, 37, 1889
List the prime factors of 108637.
108637
List the prime factors of 1980145.
5, 396029
List the prime factors of 21488837.
191, 112507
What are the prime factors of 619054?
2, 97, 3191
List the prime factors of 25171.
25171
What are the prime factors of 10017588?
2, 3, 7, 31, 3847
What are the prime factors of 1177239?
3, 7, 61, 919
List the prime factors of 2770085.
5, 554017
List the prime factors of 7124790.
2, 3, 5, 53, 4481
List the prime factors of 4763698.
2, 2381849
List the prime factors of 177779.
7, 109, 233
List the prime factors of 90745.
5, 18149
List the prime factors of 9807932.
2, 1051, 2333
What are the prime factors of 6006410?
2, 5, 600641
List the prime factors of 1970460.
2, 3, 5, 41, 89
What are the prime factors of 274109?
11, 24919
List the prime factors of 14945185.
5, 2989037
What are the prime factors of 13609110?
2, 3, 5, 453637
List the prime factors of 140224.
2, 7, 313
What are the prime factors of 816410?
2, 5, 7, 107, 109
What are the prime factors of 1646949?
3, 239, 2297
List the prime factors of 41809.
41809
What are the prime factors of 451681?
451681
What are the prime factors of 265375?
5, 11, 193
List the prime factors of 356165.
5, 71233
What are the prime factors of 3001352?
2, 375169
What are the prime factors of 3237814?
2, 43, 37649
What are the prime factors of 385233?
3, 128411
List the prime factors of 20242.
2, 29, 349
What are the prime factors of 269324?
2, 11, 6121
What are the prime factors of 4521964?
2, 47, 67, 359
What are the prime factors of 14399208?
2, 3, 823
List the prime factors of 38869381.
31, 1253851
What are the prime factors of 2948439?
3, 13, 19, 23, 173
List the prime factors of 1689219.
3, 7, 26813
What are the prime factors of 383229?
3, 7, 11, 79
What are the prime factors of 5437992?
2, 3, 7, 32369
List the prime factors of 2073362.
2, 1036681
What are the prime factors of 98130?
2, 3, 5, 3271
What are the prime factors of 608589?
3, 19, 3559
What are the prime factors of 579566?
2, 13, 22291
What are the prime factors of 19415?
5, 11, 353
List the prime factors of 188899.
23, 43, 191
What are the prime factors of 831850?
2, 5, 127, 131
List the prime factors of 342679.
342679
List the prime factors of 7223015.
5, 101, 14303
List the prime factors of 242617.
242617
What are the prime factors of 160717?
173, 929
What are the prime factors of 905950?
2, 5, 18119
List the prime factors of 20262030.
2, 3, 5, 43, 113, 139
What are the prime factors of 126715?
5, 25343
List the prime factors of 505734.
2, 3, 31, 2719
What are the prime factors of 1530596?
2, 382649
What are the prime factors of 245692?
2, 239, 257
List the prime factors of 5872173.
3, 1957391
List the prime factors of 183378.
2, 3, 13, 2351
What are the prime factors of 38513574?
2, 3, 11, 17683
List the prime factors of 753082.
2, 11, 34231
What are the prime factors of 17563619?
19, 924401
List the prime factors of 3426926.
2, 31, 1783
List the prime factors of 3611022.
2, 3, 29, 20753
What are the prime factors of 1490059?
1490059
What are the prime factors of 4006816?
2, 11, 11383
What are the prime factors of 128450?
2, 5, 7, 367
List the prime factors of 11271113.
7, 773, 2083
List the prime factors of 583509.
3, 19, 29, 353
List the prime factors of 2966176.
2, 92693
What are the prime factors of 1091988?
2, 3, 10111
List the prime factors of 10162021.
23, 441827
List the prime factors of 857014.
2, 19, 1187
What are the prime factors of 354302?
2, 13, 13627
List the prime factors of 11051305.
5, 2210261
List the prime factors of 35858.
2, 17929
List the prime factors of 19131239.
17, 23, 113, 433
List the prime factors of 9697954.
2, 7, 692711
List the prime factors of 33516.
2, 3, 7, 19
List the prime factors of 2621657.
101, 257
List the prime factors of 401072.
2, 7, 3581
What are the prime factors of 326355?
3, 5, 21757
List the prime factors of 1111016.
2, 113, 1229
List the prime factors of 122837.
11, 13, 859
List the prime factors of 1891688.
2, 236461
List the prime factors of 1156600.
2, 5, 5783
List the prime factors of 626456.
2, 78307
What are the prime factors of 153257?
13, 11789
What are the prime factors of 1363738?
2, 193, 3533
List the prime factors of 1600509.
3, 37, 14419
What are the prime factors of 9247301?
7, 97, 13619
List the prime factors of 454888.
2, 7, 8123
List the prime factors of 2417794.
2, 911, 1327
What are the prime factors of 17879?
19, 941
List the prime factors of 818919.
3, 19, 4789
What are the prime factors of 1445639?
13, 61, 1823
What are the prime factors of 105680?
2, 5, 1321
What are the prime factors of 8111070?
2, 3, 5, 11, 2731
List the prime factors of 12398358.
2, 3, 7, 295199
What are the prime factors of 81802?
2, 7, 5843
List the prime factors of 7204533.
3, 7, 343073
List the prime factors of 250288.
2, 15643
List the prime factors of 2287551.
3, 7, 97, 1123
List the prime factors of 1189468.
2, 7, 23, 1847
What are the prime factors of 672289?
672289
What are the prime factors of 2520768?
2, 3, 19, 691
List the prime factors of 12771575.
5, 487, 1049
What are the prime factors of 6210?
2, 3, 5, 23
What are the prime factors of 305602?
2, 11, 29, 479
What are the prime factors of 3537180?
2, 3, 5, 43, 457
List the prime factors of 8140073.
31, 262583
List the prime factors of 2410097.
103, 23399
List the prime factors of 55573.
7, 17, 467
What are the prime factors of 708400?
2, 5, 7, 11, 23
What are the prime factors of 55402?
2, 27701
List the prime factors of 192260.
2, 5, 9613
What are the prime factors of 141672?
2, 3, 5903
List the prime factors of 538259.
538259
What are the prime factors of 1735519?
1735519
What are the prime factors of 48373?
13, 61
List the prime factors of 3626796.
2, 3, 19, 15907
List the prime factors of 62665.
5, 83, 151
List the prime factors of 511796.
2, 23, 5563
What are the prime factors of 2440575?
3, 5, 10847
What are the prime factors of 2040553?
53, 38501
List the prime factors of 630106.
2, 31, 10163
Lis